26 a factor of 357417?
False
Is 10679 a multiple of 88?
False
Does 323 divide 1520084?
False
Does 22 divide 12704736?
True
Is 2014716 a multiple of 12?
True
Is 1069895 a multiple of 41?
True
Does 238 divide 112811?
False
Does 248 divide 491288?
True
Is 358341 a multiple of 283?
False
Is 5150320 a multiple of 272?
True
Is 55214 a multiple of 79?
False
Does 22 divide 1224086?
False
Is 4140795 a multiple of 100?
False
Is 84831 a multiple of 210?
False
Is 104 a factor of 22514963?
False
Is 47 a factor of 2544643?
False
Does 99 divide 521418?
False
Is 557100 a multiple of 36?
True
Is 11000964 a multiple of 291?
True
Is 2034094 a multiple of 359?
True
Does 1596 divide 3333458?
False
Is 673212 a multiple of 79?
False
Does 14 divide 83950?
False
Is 637975 a multiple of 65?
True
Does 34 divide 35616?
False
Is 12456458 a multiple of 14?
True
Is 21 a factor of 168229?
False
Does 44 divide 1240272?
True
Is 1952676 a multiple of 44?
True
Is 4995610 a multiple of 607?
True
Is 68 a factor of 330208?
True
Is 27 a factor of 1237378?
False
Does 33 divide 961200?
False
Does 57 divide 43567?
False
Does 26 divide 270166?
True
Does 20 divide 2205100?
True
Does 10 divide 2860352?
False
Is 139618 a multiple of 58?
False
Does 11 divide 704?
True
Is 11 a factor of 370160?
False
Does 16 divide 24899?
False
Is 20 a factor of 108423?
False
Is 557 a factor of 5650208?
True
Is 9 a factor of 310006?
False
Is 39 a factor of 3896172?
False
Is 2 a factor of 163285?
False
Does 14 divide 253422?
False
Is 166320 a multiple of 54?
True
Is 66736 a multiple of 172?
True
Does 9 divide 326052?
True
Is 32 a factor of 331456?
True
Does 3 divide 7505?
False
Does 102 divide 2387101?
False
Is 8381179 a multiple of 1303?
False
Does 250 divide 293250?
True
Is 29 a factor of 423719?
True
Is 617252 a multiple of 2?
True
Is 6859710 a multiple of 1353?
True
Is 2791888 a multiple of 464?
True
Is 4385 a multiple of 33?
False
Is 654379 a multiple of 843?
False
Does 10 divide 1062440?
True
Is 776952 a multiple of 436?
True
Is 2218930 a multiple of 35?
True
Is 491057 a multiple of 29?
True
Does 2 divide 8489?
False
Is 925148 a multiple of 599?
False
Does 57 divide 148358?
False
Does 48 divide 15120?
True
Does 52 divide 306516?
False
Does 758 divide 11482184?
True
Does 10 divide 1039300?
True
Is 6 a factor of 365493?
False
Does 8 divide 542968?
True
Is 6 a factor of 84886?
False
Is 156 a factor of 415402?
False
Is 2279304 a multiple of 24?
True
Is 392 a factor of 1911329?
False
Is 37 a factor of 588115?
True
Is 669 a factor of 629529?
True
Does 22 divide 11625?
False
Does 36 divide 25128?
True
Is 20 a factor of 205880?
True
Does 137 divide 11412922?
True
Is 35310 a multiple of 165?
True
Is 23 a factor of 222238?
False
Is 8994 a multiple of 2?
True
Is 183723 a multiple of 209?
False
Is 29 a factor of 41919?
False
Is 576 a factor of 2399833?
False
Is 1718258 a multiple of 367?
False
Is 300975 a multiple of 34?
False
Is 20 a factor of 46274?
False
Does 92 divide 42780?
True
Is 2016 a multiple of 16?
True
Is 52 a factor of 93731?
False
Does 196 divide 86240?
True
Is 360 a factor of 728267?
False
Is 9135804 a multiple of 3?
True
Does 82 divide 386548?
True
Does 4 divide 17745?
False
Does 5 divide 756865?
True
Is 608915 a multiple of 270?
False
Does 39 divide 181818?
True
Does 18 divide 7198686?
True
Is 5227306 a multiple of 311?
False
Does 945 divide 5238631?
False
Is 8484598 a multiple of 34?
True
Does 24 divide 19632?
True
Does 3 divide 5469?
True
Is 943 a factor of 5948742?
False
Is 413 a factor of 264757?
False
Does 152 divide 1962928?
True
Is 607716 a multiple of 18?
True
Is 114 a factor of 904590?
True
Is 1041 a factor of 3443628?
True
Is 4 a factor of 1092001?
False
Does 55 divide 128435?
False
Does 9 divide 4800546?
True
Is 975458 a multiple of 204?
False
Is 53 a factor of 84953?
False
Does 17 divide 2413475?
False
Is 687637 even?
False
Is 8400813 a multiple of 672?
False
Is 142 a factor of 16983200?
True
Is 80445 a multiple of 31?
True
Is 135 a factor of 908330?
False
Does 18 divide 271980?
True
Is 182 a factor of 1674036?
True
Is 5089360 a multiple of 16?
True
Is 24 a factor of 1046040?
True
Does 50 divide 317550?
True
Is 12 a factor of 1779036?
True
Does 557 divide 3101992?
False
Does 2 divide 31844?
True
Is 6065532 a multiple of 20?
False
Is 9 a factor of 47704?
False
Does 345 divide 16715940?
True
Is 4541004 a multiple of 186?
True
Is 1680 a multiple of 21?
True
Is 955420 a multiple of 62?
True
Does 1127 divide 2255127?
True
Is 1995300 a multiple of 450?
True
Is 109552 a multiple of 164?
True
Does 13 divide 551581?
False
Does 1124 divide 6870024?
False
Does 170 divide 2344470?
True
Is 522 a factor of 827892?
True
Does 109 divide 968574?
True
Is 28 a factor of 9320332?
True
Is 52 a factor of 8944?
True
Does 25 divide 93525?
True
Is 78960 a multiple of 47?
True
Is 1121494 a multiple of 11?
True
Is 257055 a multiple of 15?
True
Is 691017 a multiple of 172?
False
Does 1020 divide 1483080?
True
Does 148 divide 1138416?
True
Is 63 a factor of 263640?
False
Is 3 a factor of 39898?
False
Is 22 a factor of 198970?
False
Is 618018 a multiple of 34?
True
Is 12 a factor of 289548?
True
Is 49 a factor of 917973?
False
Is 434 a factor of 509565?
False
Is 19 a factor of 3595085?
True
Is 13526162 a multiple of 23?
True
Does 264 divide 41086?
False
Does 1243 divide 5321298?
False
Does 64 divide 134336?
True
Does 66 divide 5437286?
False
Is 95201 a multiple of 4?
False
Is 156124 a multiple of 23?
True
Is 90 a factor of 550530?
True
Does 30 divide 206656?
False
Does 38 divide 143905?
False
Is 167245 a multiple of 403?
True
Is 355740 a multiple of 84?
True
Does 52 divide 1045088?
False
Is 46 a factor of 195634?
False
Is 139125 a multiple of 15?
True
Is 15040 a multiple of 10?
True
Is 5 a factor of 541155?
True
Is 20 a factor of 1955387?
False
Is 2109717 a multiple of 79?
False
Does 42 divide 335618?
False
Is 36 a factor of 28066?
False
Is 217128 a multiple of 109?
True
Is 11886112 a multiple of 94?
True
Is 287 a factor of 214332?
False
Is 84 a factor of 1199268?
True
Is 854413 a multiple of 343?
True
Is 18999052 a multiple of 59?
False
Is 75 a factor of 59345?
False
Does 418 divide 323928?
False
Does 36 divide 1675692?
True
Is 355 a factor of 12761?
False
Is 23592557 a multiple of 31?
False
Is 350575 a multiple of 39?
False
Is 55 a factor of 47540?
False
Is 83997 a multiple of 3?
True
Is 28 a factor of 1785864?
False
Is 48 a factor of 1477488?
True
Is 50 a factor of 7782100?
True
Is 6989012 a multiple of 124?
True
Is 1649882 a multiple of 299?
True
Is 18500 a multiple of 3?
False
Is 15 a factor of 277470?
True
Is 2753575 a multiple of 187?
True
Is 246212 a multiple of 324?
False
Does 24 divide 498127?
False
Is 2138497 a multiple of 53?
True
Does 136 divide 95953?
False
Does 5 divide 84709?
False
Is 206 a factor of 149556?
True
Is 236 a factor of 341964?
True
Is 32678 a multiple of 41?
False
Does 4 divide 260116?
True
Is 115783 a multiple of 68?
False
Does 4 divide 39113?
False
Is 1353286 a multiple of 137?
True
Is 287961 a multiple of 16?
False
Is 162723 a multiple of 9?
False
Does 55 divide 696630?
True
Does 5 divide 38381?
False
Is 359189 a multiple of 561?
False
Is 138014 a multiple of 217?
False
Is 44046 a multiple of 18?
True
Does 851 divide 27785150?
True
Does 70 divide 185311?
False
Is 67770 a multiple of 270?
True
Does 195 divide 206079?
False
Is 2 a factor of 49421?
False
Is 3 a factor of 358689?
True
Is 166 a factor of 489202?
True
Does 47 divide 1631840?
True
Does 9 divide 2902806?
True
Is 40 a factor of 3408560?
True
Does 28 divide 298987?
False
Does 174 divide 112578?
True
Is 370578 a multiple of 13?
True
Does 59 divide 3186?
True
Is 6979074 a multiple of 982?
True
Is 8 a factor of 371438?
False
Is 66675 a multiple of 7?
True
Does 805 divide 923678?
False
Is 66682 a multiple of 44?
False
Is 6 a factor of 511674?
True
Is 10479735 a multiple of 19?
True
Is 141858 a multiple of 111?
True
Is 210905 a multiple of 39?
False
Is 324215 a multiple of 9?
False
Does 37 divide 46028?
True
Is 2036969 a multiple of 12?
False
Is 54 a factor of 1292206?
False
Is 810 a factor of 2008207?
False
Is 2180286 a multiple of 177?
True
Is 57837 a multiple of 100?
False
Does 14 divide 1056170?
False
Does 181 divide 178484